{"id":51,"date":"2018-12-09T09:46:25","date_gmt":"2018-12-09T09:46:25","guid":{"rendered":"https:\/\/flugplatzfest.fsvn.de\/?page_id=51"},"modified":"2023-03-20T09:17:35","modified_gmt":"2023-03-20T08:17:35","slug":"impressum","status":"publish","type":"page","link":"https:\/\/flugplatzfest.fsvn.de\/?page_id=51","title":{"rendered":"Impressum"},"content":{"rendered":"\n<h2 class=\"wp-block-heading\">Angaben nach \u00a76 TDG<\/h2>\n\n\n\n<p class=\"wp-block-paragraph\">Flugsportverein Neustadt e.V<br>Postfach 10 04 35<br>Ha\u00dflocher Stra\u00dfe 25<br>67404 Neustadt<br><\/p>\n\n\n\n<p class=\"wp-block-paragraph\">Registergericht: Amtgericht Ludwigshafen<\/p>\n\n\n\n<h4 class=\"wp-block-heading\">Flugplatz: \u201eLilienthal\u201c<\/h4>\n\n\n\n<p class=\"wp-block-paragraph\">Clubheim Tel.: 06327 \u2013 1345<br>Flugleitung Tel.: 06327 \u2013 2364<br><\/p>\n\n\n\n<p class=\"wp-block-paragraph\">Betriebszeiten von April bis Oktober<br>Samstag ab 14:00 Uhr<br>Sonn- und Feiertags ab 10:00 Uhr<br>sonst PPR<br><\/p>\n\n\n\n<h4 class=\"wp-block-heading\">1. Vorsitzender<\/h4>\n\n\n\n<p class=\"wp-block-paragraph\">Reimar M\u00f6ller<br>K\u00f6nigsbergstra\u00dfe 40<br>67434 Neustadt<br>0160-1525272<br><a href=\"mailto:v1@fsvn.de\">v1@fsvn.de<\/a><\/p>\n\n\n\n<h4 class=\"wp-block-heading\">2. Vorsitzender<\/h4>\n\n\n\n<p class=\"wp-block-paragraph\">Bj\u00f6rn Wagner<br><a href=\"mailto:oskar5@flying-bjoern.de\">oskar5@flying-bjoern.de<\/a><\/p>\n\n\n\n<p class=\"wp-block-paragraph\">Disclaimer \u2013 Haftungsausschluss<\/p>\n\n\n\n<h4 class=\"wp-block-heading\">Haftung f\u00fcr Inhalte<\/h4>\n\n\n\n<p class=\"wp-block-paragraph\">Als Diensteanbieter sind wir gem\u00e4\u00df \u00a7 7 Abs.1 TMG f\u00fcr eigene Inhalte \nauf diesen Seiten nach den allgemeinen Gesetzen verantwortlich. Nach \u00a7\u00a7 8\n bis 10 TMG sind wir als Diensteanbieter jedoch nicht verpflichtet, \n\u00fcbermittelte oder gespeicherte fremde Informationen zu \u00fcberwachen oder \nnach Umst\u00e4nden zu forschen, die auf eine rechtswidrige T\u00e4tigkeit \nhinweisen.<\/p>\n\n\n\n<p class=\"wp-block-paragraph\">Verpflichtungen zur Entfernung oder Sperrung der Nutzung von \nInformationen nach den allgemeinen Gesetzen bleiben hiervon unber\u00fchrt. \nEine diesbez\u00fcgliche Haftung ist jedoch erst ab dem Zeitpunkt der \nKenntnis einer konkreten Rechtsverletzung m\u00f6glich. Bei Bekanntwerden von\n entsprechenden Rechtsverletzungen werden wir diese Inhalte umgehend \nentfernen.<\/p>\n\n\n\n<h4 class=\"wp-block-heading\">Kontaktaufnahme<br><\/h4>\n\n\n\n<p class=\"wp-block-paragraph\">\nKeine Abmahnung ohne vorherigen Kontakt (Vgl. \u00a7 8 Abs. 4 UWG):<br><\/p>\n\n\n\n<p class=\"wp-block-paragraph\">Sollten Inhalte oder die Gestaltung einzelner Seiten oder Teile \nRechte Dritter oder gesetzliche Bestimmungen verletzen oder anderweitig \nin irgendeiner Form wettbewerbsrechtliche Probleme hervorbringen, so \nbitte ich um eine angemessene, ausreichend erl\u00e4uternde und schnelle \nNachricht ohne Kostennote an die im Impressum angegebenen \nKontakte.&nbsp;Falls zu Recht eine Beanstandung vorliegt werden die \nentsprechenden Inhalte gel\u00f6scht. Von Ihrer Seite ist die Einschaltung \neines Rechtsbeistandes nicht erforderlich. Sollten dennoch Kosten \ndadurch entstehen werden diese zur\u00fcckgewiesen.<\/p>\n\n\n\n<h4 class=\"wp-block-heading\">Urheberrecht<\/h4>\n\n\n\n<p class=\"wp-block-paragraph\">Die durch die Seitenbetreiber erstellten Inhalte und Werke auf diesen\n Seiten unterliegen dem deutschen Urheberrecht. Die Vervielf\u00e4ltigung, \nBearbeitung, Verbreitung und jede Art der Verwertung au\u00dferhalb der \nGrenzen des Urheberrechtes bed\u00fcrfen der schriftlichen Zustimmung des \njeweiligen Autors bzw. Erstellers. Downloads und Kopien dieser Seite \nsind nur f\u00fcr den privaten, nicht kommerziellen Gebrauch gestattet.<\/p>\n\n\n\n<p class=\"wp-block-paragraph\">Soweit die Inhalte auf dieser Seite nicht vom Betreiber erstellt \nwurden, werden die Urheberrechte Dritter beachtet. Insbesondere werden \nInhalte Dritter als solche gekennzeichnet. Sollten Sie trotzdem auf eine\n Urheberrechtsverletzung aufmerksam werden, bitten wir um einen \nentsprechenden Hinweis. Bei Bekanntwerden von Rechtsverletzungen werden \nwir derartige Inhalte umgehend entfernen.<\/p>\n\n\n\n<p class=\"wp-block-paragraph\"><em>Quelle: <a href=\"https:\/\/www.e-recht24.de\">https:\/\/www.e-recht24.de<\/a><\/em><\/p>\n\n\n\n<h4 class=\"wp-block-heading\">Haftung f\u00fcr Links<\/h4>\n\n\n\n<p class=\"wp-block-paragraph\">Unser Angebot enth\u00e4lt Links zu externen Websites Dritter, auf deren \nInhalte wir keinen Einfluss haben. Deshalb k\u00f6nnen wir f\u00fcr diese fremden \nInhalte auch keine Gew\u00e4hr \u00fcbernehmen. F\u00fcr die Inhalte der verlinkten \nSeiten ist stets der jeweilige Anbieter oder Betreiber der Seiten \nverantwortlich. Die verlinkten Seiten wurden zum Zeitpunkt der \nVerlinkung auf m\u00f6gliche Rechtsverst\u00f6\u00dfe \u00fcberpr\u00fcft. Rechtswidrige Inhalte \nwaren zum Zeitpunkt der Verlinkung nicht erkennbar.<\/p>\n\n\n\n<p class=\"wp-block-paragraph\">Eine permanente inhaltliche Kontrolle der verlinkten Seiten ist \njedoch ohne konkrete Anhaltspunkte einer Rechtsverletzung nicht \nzumutbar. Bei Bekanntwerden von Rechtsverletzungen werden wir derartige \nLinks umgehend entfernen.<\/p>\n","protected":false},"excerpt":{"rendered":"<p>Angaben nach \u00a76 TDG Flugsportverein Neustadt e.VPostfach 10 04 35Ha\u00dflocher Stra\u00dfe 2567404 Neustadt Registergericht: Amtgericht Ludwigshafen Flugplatz: \u201eLilienthal\u201c Clubheim Tel.: 06327 \u2013 1345Flugleitung Tel.: 06327 \u2013 2364 Betriebszeiten von April bis OktoberSamstag ab 14:00 UhrSonn- und Feiertags ab 10:00 Uhrsonst PPR 1. Vorsitzender Reimar M\u00f6llerK\u00f6nigsbergstra\u00dfe 4067434 Neustadt0160-1525272v1@fsvn.de 2. Vorsitzender Bj\u00f6rn Wagneroskar5@flying-bjoern.de Disclaimer \u2013 Haftungsausschluss Haftung &hellip; <\/p>\n<p class=\"link-more\"><a href=\"https:\/\/flugplatzfest.fsvn.de\/?page_id=51\" class=\"more-link\"><span class=\"screen-reader-text\">\u201eImpressum\u201c <\/span>weiterlesen<\/a><\/p>\n","protected":false},"author":2,"featured_media":52,"parent":0,"menu_order":0,"comment_status":"closed","ping_status":"closed","template":"","meta":{"_crdt_document":"","footnotes":""},"class_list":["post-51","page","type-page","status-publish","has-post-thumbnail","hentry"],"yoast_head":"<!-- This site is optimized with the Yoast SEO plugin v27.5 - https:\/\/yoast.com\/product\/yoast-seo-wordpress\/ -->\n<title>Impressum - Flugplatzfest 2025<\/title>\n<meta name=\"robots\" content=\"index, follow, max-snippet:-1, max-image-preview:large, max-video-preview:-1\" \/>\n<link rel=\"canonical\" href=\"https:\/\/flugplatzfest.fsvn.de\/?page_id=51\" \/>\n<meta property=\"og:locale\" content=\"de_DE\" \/>\n<meta property=\"og:type\" content=\"article\" \/>\n<meta property=\"og:title\" content=\"Impressum - Flugplatzfest 2025\" \/>\n<meta property=\"og:description\" content=\"Angaben nach \u00a76 TDG Flugsportverein Neustadt e.VPostfach 10 04 35Ha\u00dflocher Stra\u00dfe 2567404 Neustadt Registergericht: Amtgericht Ludwigshafen Flugplatz: \u201eLilienthal\u201c Clubheim Tel.: 06327 \u2013 1345Flugleitung Tel.: 06327 \u2013 2364 Betriebszeiten von April bis OktoberSamstag ab 14:00 UhrSonn- und Feiertags ab 10:00 Uhrsonst PPR 1. Vorsitzender Reimar M\u00f6llerK\u00f6nigsbergstra\u00dfe 4067434 Neustadt0160-1525272v1@fsvn.de 2. Vorsitzender Bj\u00f6rn Wagneroskar5@flying-bjoern.de Disclaimer \u2013 Haftungsausschluss Haftung &hellip; \u201eImpressum\u201c weiterlesen\" \/>\n<meta property=\"og:url\" content=\"https:\/\/flugplatzfest.fsvn.de\/?page_id=51\" \/>\n<meta property=\"og:site_name\" content=\"Flugplatzfest 2025\" \/>\n<meta property=\"article:publisher\" content=\"https:\/\/de-de.facebook.com\/FSVNw\/\" \/>\n<meta property=\"article:modified_time\" content=\"2023-03-20T08:17:35+00:00\" \/>\n<meta property=\"og:image\" content=\"https:\/\/flugplatzfest.fsvn.de\/wp-content\/uploads\/2018\/12\/IMG_3361-1024x683.jpg\" \/>\n\t<meta property=\"og:image:width\" content=\"1024\" \/>\n\t<meta property=\"og:image:height\" content=\"683\" \/>\n\t<meta property=\"og:image:type\" content=\"image\/jpeg\" \/>\n<meta name=\"twitter:card\" content=\"summary_large_image\" \/>\n<meta name=\"twitter:label1\" content=\"Gesch\u00e4tzte Lesezeit\" \/>\n\t<meta name=\"twitter:data1\" content=\"3\u00a0Minuten\" \/>\n<script type=\"application\/ld+json\" class=\"yoast-schema-graph\">{\"@context\":\"https:\\\/\\\/schema.org\",\"@graph\":[{\"@type\":\"WebPage\",\"@id\":\"https:\\\/\\\/flugplatzfest.fsvn.de\\\/?page_id=51\",\"url\":\"https:\\\/\\\/flugplatzfest.fsvn.de\\\/?page_id=51\",\"name\":\"Impressum - Flugplatzfest 2025\",\"isPartOf\":{\"@id\":\"https:\\\/\\\/flugplatzfest.fsvn.de\\\/#website\"},\"primaryImageOfPage\":{\"@id\":\"https:\\\/\\\/flugplatzfest.fsvn.de\\\/?page_id=51#primaryimage\"},\"image\":{\"@id\":\"https:\\\/\\\/flugplatzfest.fsvn.de\\\/?page_id=51#primaryimage\"},\"thumbnailUrl\":\"https:\\\/\\\/flugplatzfest.fsvn.de\\\/wp-content\\\/uploads\\\/2018\\\/12\\\/IMG_3361.jpg\",\"datePublished\":\"2018-12-09T09:46:25+00:00\",\"dateModified\":\"2023-03-20T08:17:35+00:00\",\"breadcrumb\":{\"@id\":\"https:\\\/\\\/flugplatzfest.fsvn.de\\\/?page_id=51#breadcrumb\"},\"inLanguage\":\"de\",\"potentialAction\":[{\"@type\":\"ReadAction\",\"target\":[\"https:\\\/\\\/flugplatzfest.fsvn.de\\\/?page_id=51\"]}]},{\"@type\":\"ImageObject\",\"inLanguage\":\"de\",\"@id\":\"https:\\\/\\\/flugplatzfest.fsvn.de\\\/?page_id=51#primaryimage\",\"url\":\"https:\\\/\\\/flugplatzfest.fsvn.de\\\/wp-content\\\/uploads\\\/2018\\\/12\\\/IMG_3361.jpg\",\"contentUrl\":\"https:\\\/\\\/flugplatzfest.fsvn.de\\\/wp-content\\\/uploads\\\/2018\\\/12\\\/IMG_3361.jpg\",\"width\":5472,\"height\":3648},{\"@type\":\"BreadcrumbList\",\"@id\":\"https:\\\/\\\/flugplatzfest.fsvn.de\\\/?page_id=51#breadcrumb\",\"itemListElement\":[{\"@type\":\"ListItem\",\"position\":1,\"name\":\"Home\",\"item\":\"https:\\\/\\\/flugplatzfest.fsvn.de\\\/\"},{\"@type\":\"ListItem\",\"position\":2,\"name\":\"Impressum\"}]},{\"@type\":\"WebSite\",\"@id\":\"https:\\\/\\\/flugplatzfest.fsvn.de\\\/#website\",\"url\":\"https:\\\/\\\/flugplatzfest.fsvn.de\\\/\",\"name\":\"Flugplatzfest 2025\",\"description\":\"Lachen-Speyerdorf am 20. und 21. September 2025\",\"publisher\":{\"@id\":\"https:\\\/\\\/flugplatzfest.fsvn.de\\\/#organization\"},\"potentialAction\":[{\"@type\":\"SearchAction\",\"target\":{\"@type\":\"EntryPoint\",\"urlTemplate\":\"https:\\\/\\\/flugplatzfest.fsvn.de\\\/?s={search_term_string}\"},\"query-input\":{\"@type\":\"PropertyValueSpecification\",\"valueRequired\":true,\"valueName\":\"search_term_string\"}}],\"inLanguage\":\"de\"},{\"@type\":\"Organization\",\"@id\":\"https:\\\/\\\/flugplatzfest.fsvn.de\\\/#organization\",\"name\":\"Flugsportverein Neustadt an der Weinstra\u00dfe e.V.\",\"url\":\"https:\\\/\\\/flugplatzfest.fsvn.de\\\/\",\"logo\":{\"@type\":\"ImageObject\",\"inLanguage\":\"de\",\"@id\":\"https:\\\/\\\/flugplatzfest.fsvn.de\\\/#\\\/schema\\\/logo\\\/image\\\/\",\"url\":\"https:\\\/\\\/flugplatzfest.fsvn.de\\\/wp-content\\\/uploads\\\/2018\\\/12\\\/Logo-fsvn-2018-002.png\",\"contentUrl\":\"https:\\\/\\\/flugplatzfest.fsvn.de\\\/wp-content\\\/uploads\\\/2018\\\/12\\\/Logo-fsvn-2018-002.png\",\"width\":723,\"height\":726,\"caption\":\"Flugsportverein Neustadt an der Weinstra\u00dfe e.V.\"},\"image\":{\"@id\":\"https:\\\/\\\/flugplatzfest.fsvn.de\\\/#\\\/schema\\\/logo\\\/image\\\/\"},\"sameAs\":[\"https:\\\/\\\/de-de.facebook.com\\\/FSVNw\\\/\",\"https:\\\/\\\/www.instagram.com\\\/fsv_neustadt\\\/?hl=de\"]}]}<\/script>\n<!-- \/ Yoast SEO plugin. -->","yoast_head_json":{"title":"Impressum - Flugplatzfest 2025","robots":{"index":"index","follow":"follow","max-snippet":"max-snippet:-1","max-image-preview":"max-image-preview:large","max-video-preview":"max-video-preview:-1"},"canonical":"https:\/\/flugplatzfest.fsvn.de\/?page_id=51","og_locale":"de_DE","og_type":"article","og_title":"Impressum - Flugplatzfest 2025","og_description":"Angaben nach \u00a76 TDG Flugsportverein Neustadt e.VPostfach 10 04 35Ha\u00dflocher Stra\u00dfe 2567404 Neustadt Registergericht: Amtgericht Ludwigshafen Flugplatz: \u201eLilienthal\u201c Clubheim Tel.: 06327 \u2013 1345Flugleitung Tel.: 06327 \u2013 2364 Betriebszeiten von April bis OktoberSamstag ab 14:00 UhrSonn- und Feiertags ab 10:00 Uhrsonst PPR 1. Vorsitzender Reimar M\u00f6llerK\u00f6nigsbergstra\u00dfe 4067434 Neustadt0160-1525272v1@fsvn.de 2. Vorsitzender Bj\u00f6rn Wagneroskar5@flying-bjoern.de Disclaimer \u2013 Haftungsausschluss Haftung &hellip; \u201eImpressum\u201c weiterlesen","og_url":"https:\/\/flugplatzfest.fsvn.de\/?page_id=51","og_site_name":"Flugplatzfest 2025","article_publisher":"https:\/\/de-de.facebook.com\/FSVNw\/","article_modified_time":"2023-03-20T08:17:35+00:00","og_image":[{"width":1024,"height":683,"url":"https:\/\/flugplatzfest.fsvn.de\/wp-content\/uploads\/2018\/12\/IMG_3361-1024x683.jpg","type":"image\/jpeg"}],"twitter_card":"summary_large_image","twitter_misc":{"Gesch\u00e4tzte Lesezeit":"3\u00a0Minuten"},"schema":{"@context":"https:\/\/schema.org","@graph":[{"@type":"WebPage","@id":"https:\/\/flugplatzfest.fsvn.de\/?page_id=51","url":"https:\/\/flugplatzfest.fsvn.de\/?page_id=51","name":"Impressum - Flugplatzfest 2025","isPartOf":{"@id":"https:\/\/flugplatzfest.fsvn.de\/#website"},"primaryImageOfPage":{"@id":"https:\/\/flugplatzfest.fsvn.de\/?page_id=51#primaryimage"},"image":{"@id":"https:\/\/flugplatzfest.fsvn.de\/?page_id=51#primaryimage"},"thumbnailUrl":"https:\/\/flugplatzfest.fsvn.de\/wp-content\/uploads\/2018\/12\/IMG_3361.jpg","datePublished":"2018-12-09T09:46:25+00:00","dateModified":"2023-03-20T08:17:35+00:00","breadcrumb":{"@id":"https:\/\/flugplatzfest.fsvn.de\/?page_id=51#breadcrumb"},"inLanguage":"de","potentialAction":[{"@type":"ReadAction","target":["https:\/\/flugplatzfest.fsvn.de\/?page_id=51"]}]},{"@type":"ImageObject","inLanguage":"de","@id":"https:\/\/flugplatzfest.fsvn.de\/?page_id=51#primaryimage","url":"https:\/\/flugplatzfest.fsvn.de\/wp-content\/uploads\/2018\/12\/IMG_3361.jpg","contentUrl":"https:\/\/flugplatzfest.fsvn.de\/wp-content\/uploads\/2018\/12\/IMG_3361.jpg","width":5472,"height":3648},{"@type":"BreadcrumbList","@id":"https:\/\/flugplatzfest.fsvn.de\/?page_id=51#breadcrumb","itemListElement":[{"@type":"ListItem","position":1,"name":"Home","item":"https:\/\/flugplatzfest.fsvn.de\/"},{"@type":"ListItem","position":2,"name":"Impressum"}]},{"@type":"WebSite","@id":"https:\/\/flugplatzfest.fsvn.de\/#website","url":"https:\/\/flugplatzfest.fsvn.de\/","name":"Flugplatzfest 2025","description":"Lachen-Speyerdorf am 20. und 21. September 2025","publisher":{"@id":"https:\/\/flugplatzfest.fsvn.de\/#organization"},"potentialAction":[{"@type":"SearchAction","target":{"@type":"EntryPoint","urlTemplate":"https:\/\/flugplatzfest.fsvn.de\/?s={search_term_string}"},"query-input":{"@type":"PropertyValueSpecification","valueRequired":true,"valueName":"search_term_string"}}],"inLanguage":"de"},{"@type":"Organization","@id":"https:\/\/flugplatzfest.fsvn.de\/#organization","name":"Flugsportverein Neustadt an der Weinstra\u00dfe e.V.","url":"https:\/\/flugplatzfest.fsvn.de\/","logo":{"@type":"ImageObject","inLanguage":"de","@id":"https:\/\/flugplatzfest.fsvn.de\/#\/schema\/logo\/image\/","url":"https:\/\/flugplatzfest.fsvn.de\/wp-content\/uploads\/2018\/12\/Logo-fsvn-2018-002.png","contentUrl":"https:\/\/flugplatzfest.fsvn.de\/wp-content\/uploads\/2018\/12\/Logo-fsvn-2018-002.png","width":723,"height":726,"caption":"Flugsportverein Neustadt an der Weinstra\u00dfe e.V."},"image":{"@id":"https:\/\/flugplatzfest.fsvn.de\/#\/schema\/logo\/image\/"},"sameAs":["https:\/\/de-de.facebook.com\/FSVNw\/","https:\/\/www.instagram.com\/fsv_neustadt\/?hl=de"]}]}},"_links":{"self":[{"href":"https:\/\/flugplatzfest.fsvn.de\/index.php?rest_route=\/wp\/v2\/pages\/51","targetHints":{"allow":["GET"]}}],"collection":[{"href":"https:\/\/flugplatzfest.fsvn.de\/index.php?rest_route=\/wp\/v2\/pages"}],"about":[{"href":"https:\/\/flugplatzfest.fsvn.de\/index.php?rest_route=\/wp\/v2\/types\/page"}],"author":[{"embeddable":true,"href":"https:\/\/flugplatzfest.fsvn.de\/index.php?rest_route=\/wp\/v2\/users\/2"}],"replies":[{"embeddable":true,"href":"https:\/\/flugplatzfest.fsvn.de\/index.php?rest_route=%2Fwp%2Fv2%2Fcomments&post=51"}],"version-history":[{"count":3,"href":"https:\/\/flugplatzfest.fsvn.de\/index.php?rest_route=\/wp\/v2\/pages\/51\/revisions"}],"predecessor-version":[{"id":127,"href":"https:\/\/flugplatzfest.fsvn.de\/index.php?rest_route=\/wp\/v2\/pages\/51\/revisions\/127"}],"wp:featuredmedia":[{"embeddable":true,"href":"https:\/\/flugplatzfest.fsvn.de\/index.php?rest_route=\/wp\/v2\/media\/52"}],"wp:attachment":[{"href":"https:\/\/flugplatzfest.fsvn.de\/index.php?rest_route=%2Fwp%2Fv2%2Fmedia&parent=51"}],"curies":[{"name":"wp","href":"https:\/\/api.w.org\/{rel}","templated":true}]}}